 c(5). Suppose -a*r - 19 = -3*r. Calculate the remainder when 36 is divided by r.
17
Suppose -2*x - 8 = 2*n - 5*n, -15 = -3*x. Suppose -2*d - 27 = d. Let s = 19 + d. Calculate the remainder when s is divided by n.
4
Suppose 60 = 5*z + 4*s, -4*z - s + 32 + 16 = 0. Let g = 60 - 116. Let a = g + 91. What is the remainder when a is divided by z?
11
Suppose -3*l = u - 40, -3*u + 213 = 2*u + 2*l. What is the remainder when u is divided by 11?
10
Let o = 9 - 7. Suppose o*k - 11 = 1. What is the remainder when 16 is divided by k?
4
Let l = -4 - -8. Calculate the remainder when 14 is divided by l.
2
Let a(p) = 4 - 8*p - 3 + 11 - p**2. What is the remainder when 7 is divided by a(-9)?
1
Let m(o) = -o**3 - 4*o**2 + 2*o - 6. What is the remainder when 32 is divided by m(-5)?
5
Suppose 31 = 2*k + 1. What is the remainder when 173/4 - (-9)/12 is divided by k?
14
Let t be (-26)/10 - 6/15. Let j = -3 - t. Suppose -z + 3 = -j*d - 5*d, 3*z = d + 23. What is the remainder when z is divided by 5?
3
Suppose 4 = j - 10. What is the remainder when 81 is divided by j?
11
Suppose 3*k + 3*g = 18, -4*k + 4*g + 11 = -k. Suppose 3*n = k*n + 4*b - 12, 12 = n + 4*b. What is the remainder when 37 is divided by (-2 + 15)/(n + 1)?
11
Let o(g) be the first derivative of -4*g**4 + 1. Calculate the remainder when 46 is divided by o(-1).
14
Calculate the remainder when 73 is divided by 74/(-6)*(8 + -11).
36
Suppose i - 4*s + 7 = -0*i, 2 = 2*i - 4*s. Suppose c = 5*d - 127, -3*d + 78 = 3*c + 9. Calculate the remainder when d is divided by i.
7
Let q be (-1)/1*1 - -13. Suppose 2*m - 90 = -4*b, -q = -b - m + 11. What is the remainder when 42 is divided by b?
20
Suppose x + 0 = 7. Calculate the remainder when 25 is divided by x.
4
Let m(l) = 17*l - 9. Let u(g) = -16*g + 8. Let c(f) = -5*m(f) - 6*u(f). Calculate the remainder when (0 - -8)*(5 - -2) is divided by c(2).
18
Let x(s) = -s**3 + 13*s**2 - 13*s - 2. Calculate the remainder when x(4) is divided by 16.
10
Suppose 4*j - 5 = 11. Calculate the remainder when j is divided by -9*(-2)/8 + (-1)/4.
0
Let a = 135 + -94. Calculate the remainder when 119 is divided by a.
37
Let y = 9 - 3. Let h(v) = -v + 3. Let p be h(y). What is the remainder when 33 - (7 + -1)/p is divided by 18?
17
Let n(h) = h**3 - 7*h**2 - 9*h + 12. Let c be n(8). Let g be (c/6)/((-2)/(-6)). Calculate the remainder when g/(4/29)*2 is divided by 15.
14
Let y(c) = c**2 + 3*c - 24. Suppose 0*g - 5*g + 10 = 0. Calculate the remainder when y(-7) is divided by g.
0
Let h be (-21)/(-2) - (-18)/12. Suppose -h = -k + 3. What is the remainder when k is divided by 4/14 - 108/(-14)?
7
Let o(q) = q + 6. Let p be (-15)/1*33/9. Let t = 96 + p. What is the remainder when t is divided by o(5)?
8
Let w = 17 + -11. What is the remainder when 23 is divided by w?
5
Let x(k) = -2*k - 4. Let r be (0 - 0) + -44 + 0. What is the remainder when 6/4*r/(-6) is divided by x(-5)?
5
Let d(a) = -a**3 + 24*a**2 - 21*a - 33. Calculate the remainder when 88 is divided by d(23).
10
Let b be (-4)/14 + 15/(-21). Let n = 8 + -8. Calculate the remainder when b/((-3)/(n + 69)) is divided by 8.
7
Let j(h) = 3*h**2 - 3*h - 11. Calculate the remainder when j(-5) is divided by 20.
19
Let x be 13/(-1 + 0)*-1. Suppose -5*k + 27 = -x. Let i(r) = 4*r - 1. What is the remainder when k is divided by i(1)?
2
Calculate the remainder when 55 is divided by 14 + (0/4)/(1*-1).
13
Let i be 1/(-3) - (-230)/15. Let o = -4 + i. What is the remainder when o is divided by 15/(-6)*14/(-5)?
4
Let p(z) = z - 3. Let r be p(6). What is the remainder when 0 + 5 + r - -3 is divided by 6?
5
Suppose -d = -2 - 0. Suppose -2*j = 2*j - 4*i - 24, -2*i - 4 = 0. What is the remainder when j is divided by d?
0
Let q = 2 + 2. Suppose 2*k = q*k - 8. What is the remainder when 7 is divided by k?
3
Suppose 60 = 8*s - 6*s. Let o = -15 + s. Calculate the remainder when 29 is divided by o.
14
Let t(h) = h**2 - 6*h + 4. Suppose -5*q - 52 = -5*o + 33, -2*q - 60 = -4*o. Calculate the remainder when o is divided by t(6).
1
Let s be 0 - -4*(-2)/(-4). Suppose 0 = -2*h - s*h + 24. Calculate the remainder when h is divided by 4.
2
Suppose 3*u - 39 = -5*t + 64, t - 5 = 0. Calculate the remainder when 77 is divided by u.
25
Let b(o) = o**2 - o + 4. Let m(d) = -8*d**3 + d**2 - d. Let c be m(1). Let z = -2 - c. Calculate the remainder when b(z) is divided by 18.
16
Let u(w) = -3*w**3 + 2*w + 1. Let c be u(-1). What is the remainder when -2 + 1/c*34 is divided by 6?
3
Suppose 2*u - 78 = 4. Let o = u + -29. Suppose -7 = -4*y + 3*y. What is the remainder when o is divided by y?
5
Suppose -a - 1 = -2. Suppose 2*u = -t + a, 2*t + 14 = 4*t + u. Calculate the remainder when 34 is divided by t.
7
Calculate the remainder when 18 is divided by -5*(1 - (6 + -3)).
8
Let z(t) = t**3 - 11*t**2 + 13*t - 1. Calculate the remainder when z(10) is divided by 5.
4
Suppose 5*z - b - 2 = 0, z - 2 = 2*b - b. Suppose -2*c - 3*r = -0*c - 37, z = 2*c - 2*r - 22. What is the remainder when c is divided by 8?
6
Let o = 872 + -566. Calculate the remainder when 4/(-10) + o/15 is divided by 11.
9
Suppose 2*k + 3*k - 15 = 0. Suppose -k*a - 2*x = -13, -3*a + 3 = 4*x - 2. Let m(s) = 5*s + 3. Calculate the remainder when m(2) is divided by a.
6
Let r be (1 + -2)/((-3)/(-183)). Let q = r - -90. Let j(x) = -x**2 - 9*x + 2. Calculate the remainder when q is divided by j(-7).
13
What is the remainder when (-347)/(-4) - 30/40 is divided by 29?
28
Suppose 0 = 6*t - 3*t - 60. Calculate the remainder when 99 is divided by t.
19
Let u = -5 - -49. Let c(y) = y**2 + 7*y - 3. Calculate the remainder when u is divided by c(2).
14
Suppose 0 = -2*c + 6 + 20. Calculate the remainder when 24 is divided by c.
11
Suppose -3*k = -5*z - 39, z = 5*k - 14 - 51. Calculate the remainder when k is divided by 5.
3
Let p = 9 - 1. Suppose -p = -2*i - 2. Suppose -14 = -i*r + 7. Calculate the remainder when r is divided by 4.
3
Let o(t) = -t**3 - 11*t**2 + 2*t**3 - 2*t**3 - 14 - 5*t. What is the remainder when o(-11) is divided by 15?
11
Let z(d) = d**2 - 7*d - 21. What is the remainder when 44 is divided by z(10)?
8
Let k(s) = -s**3 - s**2 - s + 55. Let g(i) = i**2 + 6*i - 8. What is the remainder when k(0) is divided by g(-9)?
17
Suppose 3*k + 4*o - 107 = 0, -73 = -2*k - 2*o - o. What is the remainder when k is divided by 16?
13
Let j = -37 + 51. What is the remainder when j is divided by 6?
2
Suppose 0 = 3*n - v - 8, 3*v - 2 - 1 = 0. Calculate the remainder when 42 is divided by n.
0
Calculate the remainder when 30 is divided by (-2)/(-5)*(1 + 29)/2.
0
Let d be 99/21 - (-4)/14. Suppose -u + d*u = 0. What is the remainder when 10 is divided by 6 + -1 + u + -1?
2
Let m be (7*-2 + 0)/(-2). Suppose -s + m + 12 = -4*c, 0 = -s + 3*c + 15. What is the remainder when 6 is divided by s?
0
Let p(j) = j - 6. Let y be p(12). Suppose -y = -3*s + 18. Calculate the remainder when 30 is divided by s.
6
Suppose -3*f - 97 = -271. Suppose -v = -5*y + f, 2*y - 2*v - 31 = v. Calculate the remainder when y is divided by 6.
5
Let s = -16 + 27. Suppose 3 + s = 2*w. Calculate the remainder when w is divided by 2.
1
Suppose d - 2 = -4*x, 3*d - x - 2*x = 36. What is the remainder when 27 is divided by d?
7
What is the remainder when 26 is divided by 462/55 + (-3)/(-5)?
8
Calculate the remainder when -10 - -14 - (0 - 1) is divided by 4.
1
Suppose -32 = -3*l - 5*f + 80, 2*l - 68 = -2*f. Calculate the remainder when l is divided by 15.
14
Suppose 0 = -5*z + 2*q + 23, 4*z = q - 4*q. Suppose z*m + 2 = -4. What is the remainder when 32 is divided by ((-1 - m)*-22)/(-2)?
10
Let j(n) = n**3 + 5*n**2 - 4*n - 1. Suppose 0*y - y = -3*f + 13, -5*y - 1 = f. Let b = -3 + y. Calculate the remainder when j(b) is divided by 16.
15
Suppose 0 = 3*h + h - 12. Suppose -h*q + 5*q - 28 = 0. What is the remainder when 54 is divided by q?
12
Suppose -3*q = -0*q - h - 176, 0 = -3*h + 3. What is the remainder when q is divided by 10?
9
Let l(d) = 6*d. Calculate the remainder when (-457)/(-9) + (-2)/(-9) is divided by l(3).
15
What is the remainder when (-1 + 0 - -2) + 1 is divided by ((-26)/(-104))/(2/8)?
0
Suppose -61 = -4*h + 63. Suppose -113 = -4*y + h. What is the remainder when y is divided by 13?
10
Suppose -59 = -2*q - 3*v, -72 - 6 = -4*q + 2*v. Calculate the remaind